{"id":673,"date":"2020-11-28T13:02:10","date_gmt":"2020-11-28T12:02:10","guid":{"rendered":"https:\/\/hubert-info.com\/cms\/?post_type=product&#038;p=673"},"modified":"2020-11-30T11:13:50","modified_gmt":"2020-11-30T10:13:50","slug":"initiation-formation","status":"publish","type":"product","link":"https:\/\/hubert-info.com\/cms\/produit\/initiation-formation\/","title":{"rendered":"Assistance \/ Initiation \/ Formation"},"content":{"rendered":"<p><span style=\"font-size: 16px;\">Nous proposons des formations d&rsquo;initiation <\/span><span class=\"vert\">pour une maitrise rapide des applications et des sujets courants.<\/span><\/p>\n<p align=\"left\"><span class=\"vert\">Formation \u00ab D\u00e9butant \u00bb<br \/>\nVous n&rsquo;avez aucune connaissance en informatique ou vous d\u00e9sirez vous perfectionner en bureautique,<br \/>\nvous avez envie de vous mettre \u00e0 la photo num\u00e9rique, vous aimeriez pouvoir surfer seul sur la toile ?<br \/>\nNous venons \u00e0 votre domicile et vous formons sur votre ordinateur.<\/span><\/p>\n<p>Formation \u00ab Perfectionnement \u00e0 l\u2019utilisation de l\u2019ordinateur \u00bb<br \/>\nVous utilisez votre ordinateur r\u00e9guli\u00e8rement mais vous avez des lacunes dans certains domaines ?<br \/>\nNous sommes \u00e0 vos c\u00f4t\u00e9s pour vous apporter le compl\u00e9ment d\u2019informations dont vous avez besoin.<br \/>\nLes formations se d\u00e9roulent par sessions d&rsquo;une heure renouvelable \u00e0 votre domicile.<\/p>\n","protected":false},"excerpt":{"rendered":"<p>Nous proposons des formations d&rsquo;initiation pour une maitrise rapide des applications et des sujets courants. Formation \u00ab D\u00e9butant \u00bb Vous n&rsquo;avez aucune connaissance en informatique ou vous d\u00e9sirez vous perfectionner en bureautique, vous avez envie de vous mettre \u00e0 la photo num\u00e9rique, vous aimeriez pouvoir surfer seul sur la toile&#8230; <a class=\"continue-reading-link\" href=\"https:\/\/hubert-info.com\/cms\/produit\/initiation-formation\/\"> Continue reading <span class=\"meta-nav\">&rarr; <\/span><\/a><\/p>\n","protected":false},"featured_media":769,"template":"","meta":[],"product_brand":[],"product_cat":[130,131],"product_tag":[137,136],"class_list":{"0":"post-673","1":"product","2":"type-product","3":"status-publish","4":"has-post-thumbnail","6":"product_cat-distance","7":"product_cat-domicile-site","8":"product_tag-formation","9":"product_tag-initiation","11":"first","12":"instock","13":"shipping-taxable","14":"purchasable","15":"product-type-variable"},"yoast_head":"<!-- This site is optimized with the Yoast SEO plugin v27.5 - https:\/\/yoast.com\/product\/yoast-seo-wordpress\/ -->\n<title>Assistance \/ Initiation \/ Formation - Hubert Informatique<\/title>\n<meta name=\"robots\" content=\"index, follow, max-snippet:-1, max-image-preview:large, max-video-preview:-1\" \/>\n<link rel=\"canonical\" href=\"https:\/\/hubert-info.com\/cms\/produit\/initiation-formation\/\" \/>\n<meta property=\"og:locale\" content=\"fr_FR\" \/>\n<meta property=\"og:type\" content=\"article\" \/>\n<meta property=\"og:title\" content=\"Assistance \/ Initiation \/ Formation - Hubert Informatique\" \/>\n<meta property=\"og:description\" content=\"Nous proposons des formations d&rsquo;initiation pour une maitrise rapide des applications et des sujets courants. Formation \u00ab D\u00e9butant \u00bb Vous n&rsquo;avez aucune connaissance en informatique ou vous d\u00e9sirez vous perfectionner en bureautique, vous avez envie de vous mettre \u00e0 la photo num\u00e9rique, vous aimeriez pouvoir surfer seul sur la toile... Continue reading &rarr;\" \/>\n<meta property=\"og:url\" content=\"https:\/\/hubert-info.com\/cms\/produit\/initiation-formation\/\" \/>\n<meta property=\"og:site_name\" content=\"Hubert Informatique\" \/>\n<meta property=\"article:modified_time\" content=\"2020-11-30T10:13:50+00:00\" \/>\n<meta property=\"og:image\" content=\"https:\/\/hubert-info.com\/cms\/wp-content\/uploads\/2020\/11\/formation.png\" \/>\n\t<meta property=\"og:image:width\" content=\"512\" \/>\n\t<meta property=\"og:image:height\" content=\"512\" \/>\n\t<meta property=\"og:image:type\" content=\"image\/png\" \/>\n<meta name=\"twitter:card\" content=\"summary_large_image\" \/>\n<meta name=\"twitter:label1\" content=\"Dur\u00e9e de lecture estim\u00e9e\" \/>\n\t<meta name=\"twitter:data1\" content=\"1 minute\" \/>\n<script type=\"application\/ld+json\" class=\"yoast-schema-graph\">{\"@context\":\"https:\\\/\\\/schema.org\",\"@graph\":[{\"@type\":\"WebPage\",\"@id\":\"https:\\\/\\\/hubert-info.com\\\/cms\\\/produit\\\/initiation-formation\\\/\",\"url\":\"https:\\\/\\\/hubert-info.com\\\/cms\\\/produit\\\/initiation-formation\\\/\",\"name\":\"Assistance \\\/ Initiation \\\/ Formation - Hubert Informatique\",\"isPartOf\":{\"@id\":\"https:\\\/\\\/hubert-info.com\\\/cms\\\/#website\"},\"primaryImageOfPage\":{\"@id\":\"https:\\\/\\\/hubert-info.com\\\/cms\\\/produit\\\/initiation-formation\\\/#primaryimage\"},\"image\":{\"@id\":\"https:\\\/\\\/hubert-info.com\\\/cms\\\/produit\\\/initiation-formation\\\/#primaryimage\"},\"thumbnailUrl\":\"https:\\\/\\\/hubert-info.com\\\/cms\\\/wp-content\\\/uploads\\\/2020\\\/11\\\/formation.png\",\"datePublished\":\"2020-11-28T12:02:10+00:00\",\"dateModified\":\"2020-11-30T10:13:50+00:00\",\"breadcrumb\":{\"@id\":\"https:\\\/\\\/hubert-info.com\\\/cms\\\/produit\\\/initiation-formation\\\/#breadcrumb\"},\"inLanguage\":\"fr-FR\",\"potentialAction\":[{\"@type\":\"ReadAction\",\"target\":[\"https:\\\/\\\/hubert-info.com\\\/cms\\\/produit\\\/initiation-formation\\\/\"]}]},{\"@type\":\"ImageObject\",\"inLanguage\":\"fr-FR\",\"@id\":\"https:\\\/\\\/hubert-info.com\\\/cms\\\/produit\\\/initiation-formation\\\/#primaryimage\",\"url\":\"https:\\\/\\\/hubert-info.com\\\/cms\\\/wp-content\\\/uploads\\\/2020\\\/11\\\/formation.png\",\"contentUrl\":\"https:\\\/\\\/hubert-info.com\\\/cms\\\/wp-content\\\/uploads\\\/2020\\\/11\\\/formation.png\",\"width\":512,\"height\":512},{\"@type\":\"BreadcrumbList\",\"@id\":\"https:\\\/\\\/hubert-info.com\\\/cms\\\/produit\\\/initiation-formation\\\/#breadcrumb\",\"itemListElement\":[{\"@type\":\"ListItem\",\"position\":1,\"name\":\"Accueil\",\"item\":\"https:\\\/\\\/hubert-info.com\\\/cms\\\/\"},{\"@type\":\"ListItem\",\"position\":2,\"name\":\"Assistance \\\/ Initiation \\\/ Formation\"}]},{\"@type\":\"WebSite\",\"@id\":\"https:\\\/\\\/hubert-info.com\\\/cms\\\/#website\",\"url\":\"https:\\\/\\\/hubert-info.com\\\/cms\\\/\",\"name\":\"Hubert Informatique\",\"description\":\"L&#039;informatique sur mesure\",\"publisher\":{\"@id\":\"https:\\\/\\\/hubert-info.com\\\/cms\\\/#organization\"},\"potentialAction\":[{\"@type\":\"SearchAction\",\"target\":{\"@type\":\"EntryPoint\",\"urlTemplate\":\"https:\\\/\\\/hubert-info.com\\\/cms\\\/?s={search_term_string}\"},\"query-input\":{\"@type\":\"PropertyValueSpecification\",\"valueRequired\":true,\"valueName\":\"search_term_string\"}}],\"inLanguage\":\"fr-FR\"},{\"@type\":\"Organization\",\"@id\":\"https:\\\/\\\/hubert-info.com\\\/cms\\\/#organization\",\"name\":\"Hubert Informatique\",\"url\":\"https:\\\/\\\/hubert-info.com\\\/cms\\\/\",\"logo\":{\"@type\":\"ImageObject\",\"inLanguage\":\"fr-FR\",\"@id\":\"https:\\\/\\\/hubert-info.com\\\/cms\\\/#\\\/schema\\\/logo\\\/image\\\/\",\"url\":\"https:\\\/\\\/hubert-info.com\\\/cms\\\/wp-content\\\/uploads\\\/2019\\\/02\\\/logotip-Copie.png\",\"contentUrl\":\"https:\\\/\\\/hubert-info.com\\\/cms\\\/wp-content\\\/uploads\\\/2019\\\/02\\\/logotip-Copie.png\",\"width\":182,\"height\":85,\"caption\":\"Hubert Informatique\"},\"image\":{\"@id\":\"https:\\\/\\\/hubert-info.com\\\/cms\\\/#\\\/schema\\\/logo\\\/image\\\/\"}}]}<\/script>\n<!-- \/ Yoast SEO plugin. -->","yoast_head_json":{"title":"Assistance \/ Initiation \/ Formation - Hubert Informatique","robots":{"index":"index","follow":"follow","max-snippet":"max-snippet:-1","max-image-preview":"max-image-preview:large","max-video-preview":"max-video-preview:-1"},"canonical":"https:\/\/hubert-info.com\/cms\/produit\/initiation-formation\/","og_locale":"fr_FR","og_type":"article","og_title":"Assistance \/ Initiation \/ Formation - Hubert Informatique","og_description":"Nous proposons des formations d&rsquo;initiation pour une maitrise rapide des applications et des sujets courants. Formation \u00ab D\u00e9butant \u00bb Vous n&rsquo;avez aucune connaissance en informatique ou vous d\u00e9sirez vous perfectionner en bureautique, vous avez envie de vous mettre \u00e0 la photo num\u00e9rique, vous aimeriez pouvoir surfer seul sur la toile... Continue reading &rarr;","og_url":"https:\/\/hubert-info.com\/cms\/produit\/initiation-formation\/","og_site_name":"Hubert Informatique","article_modified_time":"2020-11-30T10:13:50+00:00","og_image":[{"width":512,"height":512,"url":"https:\/\/hubert-info.com\/cms\/wp-content\/uploads\/2020\/11\/formation.png","type":"image\/png"}],"twitter_card":"summary_large_image","twitter_misc":{"Dur\u00e9e de lecture estim\u00e9e":"1 minute"},"schema":{"@context":"https:\/\/schema.org","@graph":[{"@type":"WebPage","@id":"https:\/\/hubert-info.com\/cms\/produit\/initiation-formation\/","url":"https:\/\/hubert-info.com\/cms\/produit\/initiation-formation\/","name":"Assistance \/ Initiation \/ Formation - Hubert Informatique","isPartOf":{"@id":"https:\/\/hubert-info.com\/cms\/#website"},"primaryImageOfPage":{"@id":"https:\/\/hubert-info.com\/cms\/produit\/initiation-formation\/#primaryimage"},"image":{"@id":"https:\/\/hubert-info.com\/cms\/produit\/initiation-formation\/#primaryimage"},"thumbnailUrl":"https:\/\/hubert-info.com\/cms\/wp-content\/uploads\/2020\/11\/formation.png","datePublished":"2020-11-28T12:02:10+00:00","dateModified":"2020-11-30T10:13:50+00:00","breadcrumb":{"@id":"https:\/\/hubert-info.com\/cms\/produit\/initiation-formation\/#breadcrumb"},"inLanguage":"fr-FR","potentialAction":[{"@type":"ReadAction","target":["https:\/\/hubert-info.com\/cms\/produit\/initiation-formation\/"]}]},{"@type":"ImageObject","inLanguage":"fr-FR","@id":"https:\/\/hubert-info.com\/cms\/produit\/initiation-formation\/#primaryimage","url":"https:\/\/hubert-info.com\/cms\/wp-content\/uploads\/2020\/11\/formation.png","contentUrl":"https:\/\/hubert-info.com\/cms\/wp-content\/uploads\/2020\/11\/formation.png","width":512,"height":512},{"@type":"BreadcrumbList","@id":"https:\/\/hubert-info.com\/cms\/produit\/initiation-formation\/#breadcrumb","itemListElement":[{"@type":"ListItem","position":1,"name":"Accueil","item":"https:\/\/hubert-info.com\/cms\/"},{"@type":"ListItem","position":2,"name":"Assistance \/ Initiation \/ Formation"}]},{"@type":"WebSite","@id":"https:\/\/hubert-info.com\/cms\/#website","url":"https:\/\/hubert-info.com\/cms\/","name":"Hubert Informatique","description":"L&#039;informatique sur mesure","publisher":{"@id":"https:\/\/hubert-info.com\/cms\/#organization"},"potentialAction":[{"@type":"SearchAction","target":{"@type":"EntryPoint","urlTemplate":"https:\/\/hubert-info.com\/cms\/?s={search_term_string}"},"query-input":{"@type":"PropertyValueSpecification","valueRequired":true,"valueName":"search_term_string"}}],"inLanguage":"fr-FR"},{"@type":"Organization","@id":"https:\/\/hubert-info.com\/cms\/#organization","name":"Hubert Informatique","url":"https:\/\/hubert-info.com\/cms\/","logo":{"@type":"ImageObject","inLanguage":"fr-FR","@id":"https:\/\/hubert-info.com\/cms\/#\/schema\/logo\/image\/","url":"https:\/\/hubert-info.com\/cms\/wp-content\/uploads\/2019\/02\/logotip-Copie.png","contentUrl":"https:\/\/hubert-info.com\/cms\/wp-content\/uploads\/2019\/02\/logotip-Copie.png","width":182,"height":85,"caption":"Hubert Informatique"},"image":{"@id":"https:\/\/hubert-info.com\/cms\/#\/schema\/logo\/image\/"}}]}},"_links":{"self":[{"href":"https:\/\/hubert-info.com\/cms\/wp-json\/wp\/v2\/product\/673","targetHints":{"allow":["GET"]}}],"collection":[{"href":"https:\/\/hubert-info.com\/cms\/wp-json\/wp\/v2\/product"}],"about":[{"href":"https:\/\/hubert-info.com\/cms\/wp-json\/wp\/v2\/types\/product"}],"wp:featuredmedia":[{"embeddable":true,"href":"https:\/\/hubert-info.com\/cms\/wp-json\/wp\/v2\/media\/769"}],"wp:attachment":[{"href":"https:\/\/hubert-info.com\/cms\/wp-json\/wp\/v2\/media?parent=673"}],"wp:term":[{"taxonomy":"product_brand","embeddable":true,"href":"https:\/\/hubert-info.com\/cms\/wp-json\/wp\/v2\/product_brand?post=673"},{"taxonomy":"product_cat","embeddable":true,"href":"https:\/\/hubert-info.com\/cms\/wp-json\/wp\/v2\/product_cat?post=673"},{"taxonomy":"product_tag","embeddable":true,"href":"https:\/\/hubert-info.com\/cms\/wp-json\/wp\/v2\/product_tag?post=673"}],"curies":[{"name":"wp","href":"https:\/\/api.w.org\/{rel}","templated":true}]}}