{"id":679,"date":"2020-11-28T14:16:14","date_gmt":"2020-11-28T13:16:14","guid":{"rendered":"https:\/\/hubert-info.com\/cms\/?page_id=679"},"modified":"2020-11-28T14:16:15","modified_gmt":"2020-11-28T13:16:15","slug":"conditions-generales-utilisation","status":"publish","type":"page","link":"https:\/\/hubert-info.com\/cms\/conditions-generales-utilisation\/","title":{"rendered":"Conditions g\u00e9n\u00e9rales d\u2019utilisation"},"content":{"rendered":"\n<p>Merci de lire avec attention les diff\u00e9rentes modalit\u00e9s d\u2019utilisation du pr\u00e9sent site avant d\u2019y parcourir ses pages. En vous connectant sur ce site, vous acceptez sans r\u00e9serves les pr\u00e9sentes modalit\u00e9s. Veuillez prendre connaissance des pr\u00e9sentes conditions g\u00e9n\u00e9rales d\u2019utilisation du site Web et de nos prestations de services avant de faire appel \u00e0 nos services informatiques.<\/p>\n\n\n\n<p><strong>D\u00e9placement \u00e0 domicile<br><\/strong>Le tarif d\u2019une intervention \u00e0 domicile ne comprend pas les logiciels, les pi\u00e8ces \u00e9ventuelles \u00e0 remplacer et les d\u00e9placements au-del\u00e0 de 10 kilom\u00e8tres sur la base d\u2019un aller au d\u00e9part d&rsquo;<a href=\"https:\/\/www.google.com\/maps\/place\/HUBERT+Informatique\/@45.877136,4.67435,17z\/data=!3m1!4b1!4m5!3m4!1s0x47f48c3815dca009:0x2f1ad9d4b6059ae8!8m2!3d45.8771323!4d4.6765387\" target=\"_blank\" rel=\"noreferrer noopener\">Hubert Informatique qui est implant\u00e9e \u00e0 Saint-Jean-des-vignes<\/a>. Au-del\u00e0 de ce p\u00e9rim\u00e8tre un suppl\u00e9ment vous sera demand\u00e9 (aller et retour inclus).<\/p>\n\n\n\n<p><strong>Diagnostic et devis<br><\/strong>Le diagnostic est gratuit uniquement si le devis \u00e9tabli par Hubert Informatique est accept\u00e9. Dans le cas contraire le diagnostic sera factur\u00e9 30\u20ac et \u00e9ventuellement un rajout pour le d\u00e9placement si votre ville\/commune se trouve \u00e0 plus de 10 kilom\u00e8tres d&rsquo;Hubert Informatique.<\/p>\n\n\n\n<p><strong>Tarifs et r\u00e8glement<br><\/strong>Les tarifs des interventions sont exprim\u00e9s en euros NET et sont stipul\u00e9s HT \u00ab TVA non applicable, art. 293 B du CGI \u00bb. Les tarifs indiqu\u00e9s comprennent le d\u00e9placement dans un rayon de 10 kilom\u00e8tres au d\u00e9part d&rsquo;<a href=\"https:\/\/www.google.com\/maps\/place\/HUBERT+Informatique\/@45.877136,4.67435,17z\/data=!3m1!4b1!4m5!3m4!1s0x47f48c3815dca009:0x2f1ad9d4b6059ae8!8m2!3d45.8771323!4d4.6765387\" target=\"_blank\" rel=\"noreferrer noopener\">Hubert Informatique qui est implant\u00e9e \u00e0 Saint-Jean-des-vignes<\/a> et de la prestation informatique r\u00e9alis\u00e9e chez le client.<\/p>\n\n\n\n<p>Les tarifs applicables sont ceux communiqu\u00e9s au client lors de la prise du rendez-vous et valid\u00e9s d\u2019un commun accord entre le client et Hubert Informatique. Dans le cas o\u00f9 la prestation informatique ne pourrait pas \u00eatre effectu\u00e9e en raison de l\u2019absence du client au rendez-vous fix\u00e9 avec Hubert Informatique, la prestation informatique sera factur\u00e9e \u00e0 hauteur de 60\u20ac non remboursable.<\/p>\n\n\n\n<p>Les tarifs sont stipul\u00e9s sur la facture Hubert Informatique et sont payables \u00e0 la fin de l\u2019intervention, sauf convention contraire entre les parties. Le r\u00e8glement est fait en globalit\u00e9 en esp\u00e8ces, par ch\u00e8que ou par carte bancaire via un terminal de paiement directement \u00e0 Hubert Informatique, une facture est ensuite remise au client apr\u00e8s r\u00e8glement.<\/p>\n\n\n\n<p>En cas de retard de paiement, le client se verra appliquer une p\u00e9nalit\u00e9 de retard d\u2019un montant \u00e9gal \u00e0 la totalit\u00e9 des sommes dues, major\u00e9e \u00e0 un taux d\u2019int\u00e9r\u00eat d\u2019une fois et demie le taux d\u2019int\u00e9r\u00eat l\u00e9gal, en vertu des dispositions de l\u2019article L. 441-6 du Code de Commerce.<\/p>\n\n\n\n<p>Le client ayant la qualit\u00e9 de professionnel, en situation de retard de paiement est de plein droit d\u00e9biteur, \u00e0 l\u2019\u00e9gard d&rsquo;Hubert Informatique, d\u2019une indemnit\u00e9 forfaitaire pour frais de recouvrement \u00e0 hauteur de 40\u20ac, en application de la loi 2012-387 du 22 mars 2012.<\/p>\n\n\n\n<p><strong>Obligations du client<br><\/strong>Pour autant que cela soit raisonnablement n\u00e9cessaire, le client coop\u00e9rera \u00e0 l\u2019ex\u00e9cution des prestations informatiques. Le client fournira \u00e0 temps, toutes les donn\u00e9es et informations n\u00e9cessaires \u00e0 la r\u00e9alisation des prestations informatiques.<\/p>\n\n\n\n<p>Le client s\u2019engage \u00e0 permettre la r\u00e9alisation des prestations informatiques le jour et selon les modalit\u00e9s des horaires convenus. Il s\u2019engage \u00e0 pr\u00e9venir Hubert Informatique de toute absence ou non respect des horaires dans les meilleurs d\u00e9lais, et au minimum 24 heures avant l\u2019intervention. \u00c0 d\u00e9faut, la prestation informatique sera factur\u00e9e \u00e0 hauteur de 60\u20ac non remboursable.<\/p>\n\n\n\n<p>Avant toute intervention, le client est r\u00e9put\u00e9 avoir proc\u00e9d\u00e9 \u00e0 la sauvegarde sur un support externe (CD\/DVD, disque dur externe, cl\u00e9 USB\u2026) de tous les fichiers et logiciels pr\u00e9sents sur le disque dur de l\u2019ordinateur et sur les p\u00e9riph\u00e9riques. Le client reste responsable des donn\u00e9es pr\u00e9sentes sur son installation informatique en cas de pertes totales ou partielles de donn\u00e9es de quelque sorte que ce soit, Hubert Informatique ne peut \u00eatre tenu responsable de tout dommage direct ou indirect, mat\u00e9riel ou immat\u00e9riel, relatif \u00e0 ces donn\u00e9es.<\/p>\n\n\n\n<p>Le client s\u2019engage \u00e0 \u00eatre \u00e0 jour des licences d\u2019exploitation des logiciels install\u00e9s sur ses diff\u00e9rents \u00e9quipements. Le client s\u2019engage \u00e0 tenir \u00e0 disposition l\u2019ensemble de la documentation technique remise par les fabricants et\/ou distributeurs et\/ou fournisseurs, n\u00e9cessaire \u00e0 la r\u00e9alisation des prestations informatiques.<\/p>\n\n\n\n<p>Le client s\u2019engage \u00e0 \u00e9tablir et \u00e0 entretenir un environnement optimal afin que le technicien Hubert Informatique puisse intervenir dans les meilleures conditions.<\/p>\n\n\n\n<p>Le client s\u2019engage \u00e0 \u00e9tablir et \u00e0 entretenir un environnement physique des \u00e9quipements conforme aux sp\u00e9cifications des fabricants et\/ou distributeurs et\/ou fournisseurs et aux normes de s\u00e9curit\u00e9, \u00e0 respecter les proc\u00e9dures d\u2019utilisation des \u00e9quipements et en particulier \u00e0 ne pas proc\u00e9der \u00e0 des modifications techniques.<\/p>\n\n\n\n<p>Le client assume l\u2019ensemble des frais, quels qu\u2019ils soient, aff\u00e9rents \u00e0 l\u2019ex\u00e9cution des prestations informatiques (frais d\u2019\u00e9lectricit\u00e9, de connexions \u00e0 internet ou d\u2019usure des consommables informatiques engendr\u00e9s par les manipulations effectu\u00e9es) qui resteront \u00e0 sa charge.<\/p>\n\n\n\n<p><strong>Obligations et responsabilit\u00e9 de Hubert Informatique<br><\/strong>Hubert Informatique ne contracte qu\u2019une obligation de moyens dans l\u2019ex\u00e9cution des prestations. Hubert Informatique s\u2019engage \u00e0 mettre tous les moyens en \u0153uvre pour assurer, dans des conditions optimales, les services informatiques au client.<\/p>\n\n\n\n<p>Hubert Informatique ne saurait \u00eatre tenu responsable pour tout retard ou inex\u00e9cution des prestations lorsque la cause du retard ou de l\u2019inex\u00e9cution serait due \u00e0 la survenance d\u2019un cas de force majeure ou d\u2019un cas fortuit, tels qu\u2019ils sont d\u00e9finis par la jurisprudence des tribunaux Fran\u00e7ais.<\/p>\n\n\n\n<p>La responsabilit\u00e9 de Hubert Informatique ne peut \u00eatre engag\u00e9e en cas de faute du client ou en cas d\u2019erreur de manipulation du client ou d\u2019utilisation non-conforme de ses \u00e9quipements.<\/p>\n\n\n\n<p>Le client accepte que sa propre intervention ou celle de Hubert Informatique sur un de ses \u00e9quipements est susceptible d\u2019entra\u00eener une rupture de la garantie du constructeur et\/ou du distributeur et\/ou du fournisseur aupr\u00e8s duquel le client a acquis ses \u00e9quipements, garantie \u00e0 laquelle ne se substitue pas une quelconque garantie d&rsquo;Hubert Informatique.<\/p>\n\n\n\n<p>D\u2019une mani\u00e8re g\u00e9n\u00e9rale, au cas o\u00f9 la responsabilit\u00e9 de Hubert Informatique serait engag\u00e9e par suite de l\u2019inex\u00e9cution ou de la mauvaise ex\u00e9cution du contrat, ou pour toute autre cause imputable \u00e0 Hubert Informatique, l\u2019indemnisation du pr\u00e9judice total sera limit\u00e9e au pr\u00e9judice direct subi par le client, sans pouvoir d\u00e9passer le montant des sommes qui lui auront \u00e9t\u00e9 factur\u00e9es au titre des pr\u00e9sentes.<\/p>\n\n\n\n<p><strong>Clause de parfaite information<br><\/strong>Les pr\u00e9sentes conditions g\u00e9n\u00e9rales de prestations de services sont port\u00e9es \u00e0 la connaissance du client. L\u2019ensemble des clauses et conditions est r\u00e9put\u00e9 connu et express\u00e9ment accept\u00e9 par le client au moment de la sollicitation de l\u2019intervention et m\u00eame si celui-ci n\u2019a pas formellement appos\u00e9 sa signature sur les pr\u00e9sentes.<\/p>\n\n\n\n<p>En cons\u00e9quence, le fait de souscrire aux services informatiques de Hubert Informatique emporte acceptation pleine et enti\u00e8re des pr\u00e9sentes conditions g\u00e9n\u00e9rales de prestations de services.<\/p>\n\n\n\n<p><strong>Confidentialit\u00e9<\/strong><br>Hubert Informatique s\u2019engage \u00e0 ce que les informations et les donn\u00e9es personnelles et professionnelles de tous nos clients demeurent strictement confidentielles.<\/p>\n\n\n\n<p><strong>Limitation contractuelles sur les donn\u00e9es<br><\/strong>Les informations contenues sur ce site sont aussi pr\u00e9cises que possible et le site remis \u00e0 jour \u00e0 diff\u00e9rentes p\u00e9riodes de l\u2019ann\u00e9e, mais peut toutefois contenir des inexactitudes ou des omissions. Si vous constatez des erreurs ou ce qui parait \u00eatre un dysfonctionnement, merci de bien vouloir le signaler par e-mail \u00e0 l\u2019aide de <a href=\"https:\/\/hubert-info.com\/cms\/nous-contacter\/\">notre formulaire de contact<\/a>, en d\u00e9crivant le probl\u00e8me de la mani\u00e8re la plus pr\u00e9cise possible (page posant probl\u00e8me, type d\u2019ordinateur et de navigateur utilis\u00e9\u2026).<\/p>\n\n\n\n<p>Tout contenu t\u00e9l\u00e9charg\u00e9 se fait aux risques et p\u00e9rils de l\u2019utilisateur et sous sa seule responsabilit\u00e9. En cons\u00e9quence, Hubert Informatique ne saurait \u00eatre tenu responsable d\u2019un quelconque dommage subi par l\u2019ordinateur de l\u2019utilisateur ou d\u2019une quelconque perte de donn\u00e9es cons\u00e9cutives au t\u00e9l\u00e9chargement. De plus, l\u2019utilisateur du site s\u2019engage \u00e0 acc\u00e9der au site en utilisant un mat\u00e9riel r\u00e9cent, ne contenant pas de virus et avec un navigateur de derni\u00e8re g\u00e9n\u00e9ration mis-\u00e0-jour.<\/p>\n\n\n\n<p>Les liens hypertextes mis en place dans le cadre du pr\u00e9sent site internet en direction d\u2019autres ressources pr\u00e9sentes sur le r\u00e9seau Internet ne sauraient engager la responsabilit\u00e9 d&rsquo;Hubert Informatique.<\/p>\n\n\n\n<p><strong>Propri\u00e9t\u00e9 intellectuelle<br><\/strong>Tout le contenu du pr\u00e9sent site https:\/\/hubert-info.com, incluant, de fa\u00e7on non limitative, les graphismes, images, textes, vid\u00e9os, animations, sons, logos, gifs et ic\u00f4nes ainsi que leur mise en forme sont libre de droits \u00e0 l\u2019exception des marques, logos ou contenus appartenant \u00e0 d\u2019autres soci\u00e9t\u00e9s partenaires ou auteurs.<\/p>\n\n\n\n<p><strong>Vie priv\u00e9e<br><\/strong>Un cookie est un fichier de petite taille, qui ne permet pas l\u2019identification de l\u2019utilisateur, mais qui enregistre des informations relatives \u00e0 la navigation d\u2019un ordinateur sur un site. Les donn\u00e9es ainsi obtenues visent \u00e0 faciliter la navigation ult\u00e9rieure sur le site, et ont \u00e9galement vocation \u00e0 permettre diverses mesures de fr\u00e9quentation. Le refus d\u2019installation d\u2019un cookie peut entra\u00eener l\u2019impossibilit\u00e9 d\u2019acc\u00e9der \u00e0 certains services.<\/p>\n\n\n\n<p><strong>Loi informatique et libert\u00e9<br><\/strong>En vertu des dispositions de la loi informatique et libert\u00e9 n\u00b0 78-17 du 6 janvier 1978, le client dispose d\u2019un droit d\u2019acc\u00e8s, de modification, de rectification et de suppression des donn\u00e9es nominatives le concernant. Les donn\u00e9es personnelles communiqu\u00e9es par le client ne seront destin\u00e9es qu\u2019au traitement des prestations informatiques effectu\u00e9es par Hubert Informatique et ne seront, en aucun cas, communiqu\u00e9es \u00e0 des tiers sans l\u2019autorisation du client.<\/p>\n","protected":false},"excerpt":{"rendered":"<p>Merci de lire avec attention les diff\u00e9rentes modalit\u00e9s d\u2019utilisation du pr\u00e9sent site avant d\u2019y parcourir ses pages. En vous connectant sur ce site, vous acceptez sans r\u00e9serves les pr\u00e9sentes modalit\u00e9s. Veuillez prendre connaissance des pr\u00e9sentes conditions g\u00e9n\u00e9rales d\u2019utilisation du site Web et de nos prestations de services avant de faire&#8230; <a class=\"continue-reading-link\" href=\"https:\/\/hubert-info.com\/cms\/conditions-generales-utilisation\/\"> Continue reading <span class=\"meta-nav\">&rarr; <\/span><\/a><\/p>\n","protected":false},"author":1,"featured_media":0,"parent":0,"menu_order":0,"comment_status":"closed","ping_status":"closed","template":"","meta":{"footnotes":""},"class_list":["post-679","page","type-page","status-publish","hentry"],"yoast_head":"<!-- This site is optimized with the Yoast SEO plugin v27.5 - https:\/\/yoast.com\/product\/yoast-seo-wordpress\/ -->\n<title>Conditions g\u00e9n\u00e9rales d\u2019utilisation - Hubert Informatique<\/title>\n<meta name=\"robots\" content=\"index, follow, max-snippet:-1, max-image-preview:large, max-video-preview:-1\" \/>\n<link rel=\"canonical\" href=\"https:\/\/hubert-info.com\/cms\/conditions-generales-utilisation\/\" \/>\n<meta property=\"og:locale\" content=\"fr_FR\" \/>\n<meta property=\"og:type\" content=\"article\" \/>\n<meta property=\"og:title\" content=\"Conditions g\u00e9n\u00e9rales d\u2019utilisation - Hubert Informatique\" \/>\n<meta property=\"og:description\" content=\"Merci de lire avec attention les diff\u00e9rentes modalit\u00e9s d\u2019utilisation du pr\u00e9sent site avant d\u2019y parcourir ses pages. En vous connectant sur ce site, vous acceptez sans r\u00e9serves les pr\u00e9sentes modalit\u00e9s. Veuillez prendre connaissance des pr\u00e9sentes conditions g\u00e9n\u00e9rales d\u2019utilisation du site Web et de nos prestations de services avant de faire... Continue reading &rarr;\" \/>\n<meta property=\"og:url\" content=\"https:\/\/hubert-info.com\/cms\/conditions-generales-utilisation\/\" \/>\n<meta property=\"og:site_name\" content=\"Hubert Informatique\" \/>\n<meta property=\"article:modified_time\" content=\"2020-11-28T13:16:15+00:00\" \/>\n<meta name=\"twitter:card\" content=\"summary_large_image\" \/>\n<meta name=\"twitter:label1\" content=\"Dur\u00e9e de lecture estim\u00e9e\" \/>\n\t<meta name=\"twitter:data1\" content=\"8 minutes\" \/>\n<script type=\"application\/ld+json\" class=\"yoast-schema-graph\">{\"@context\":\"https:\\\/\\\/schema.org\",\"@graph\":[{\"@type\":\"WebPage\",\"@id\":\"https:\\\/\\\/hubert-info.com\\\/cms\\\/conditions-generales-utilisation\\\/\",\"url\":\"https:\\\/\\\/hubert-info.com\\\/cms\\\/conditions-generales-utilisation\\\/\",\"name\":\"Conditions g\u00e9n\u00e9rales d\u2019utilisation - Hubert Informatique\",\"isPartOf\":{\"@id\":\"https:\\\/\\\/hubert-info.com\\\/cms\\\/#website\"},\"datePublished\":\"2020-11-28T13:16:14+00:00\",\"dateModified\":\"2020-11-28T13:16:15+00:00\",\"breadcrumb\":{\"@id\":\"https:\\\/\\\/hubert-info.com\\\/cms\\\/conditions-generales-utilisation\\\/#breadcrumb\"},\"inLanguage\":\"fr-FR\",\"potentialAction\":[{\"@type\":\"ReadAction\",\"target\":[\"https:\\\/\\\/hubert-info.com\\\/cms\\\/conditions-generales-utilisation\\\/\"]}]},{\"@type\":\"BreadcrumbList\",\"@id\":\"https:\\\/\\\/hubert-info.com\\\/cms\\\/conditions-generales-utilisation\\\/#breadcrumb\",\"itemListElement\":[{\"@type\":\"ListItem\",\"position\":1,\"name\":\"Accueil\",\"item\":\"https:\\\/\\\/hubert-info.com\\\/cms\\\/\"},{\"@type\":\"ListItem\",\"position\":2,\"name\":\"Conditions g\u00e9n\u00e9rales d\u2019utilisation\"}]},{\"@type\":\"WebSite\",\"@id\":\"https:\\\/\\\/hubert-info.com\\\/cms\\\/#website\",\"url\":\"https:\\\/\\\/hubert-info.com\\\/cms\\\/\",\"name\":\"Hubert Informatique\",\"description\":\"L&#039;informatique sur mesure\",\"publisher\":{\"@id\":\"https:\\\/\\\/hubert-info.com\\\/cms\\\/#organization\"},\"potentialAction\":[{\"@type\":\"SearchAction\",\"target\":{\"@type\":\"EntryPoint\",\"urlTemplate\":\"https:\\\/\\\/hubert-info.com\\\/cms\\\/?s={search_term_string}\"},\"query-input\":{\"@type\":\"PropertyValueSpecification\",\"valueRequired\":true,\"valueName\":\"search_term_string\"}}],\"inLanguage\":\"fr-FR\"},{\"@type\":\"Organization\",\"@id\":\"https:\\\/\\\/hubert-info.com\\\/cms\\\/#organization\",\"name\":\"Hubert Informatique\",\"url\":\"https:\\\/\\\/hubert-info.com\\\/cms\\\/\",\"logo\":{\"@type\":\"ImageObject\",\"inLanguage\":\"fr-FR\",\"@id\":\"https:\\\/\\\/hubert-info.com\\\/cms\\\/#\\\/schema\\\/logo\\\/image\\\/\",\"url\":\"https:\\\/\\\/hubert-info.com\\\/cms\\\/wp-content\\\/uploads\\\/2019\\\/02\\\/logotip-Copie.png\",\"contentUrl\":\"https:\\\/\\\/hubert-info.com\\\/cms\\\/wp-content\\\/uploads\\\/2019\\\/02\\\/logotip-Copie.png\",\"width\":182,\"height\":85,\"caption\":\"Hubert Informatique\"},\"image\":{\"@id\":\"https:\\\/\\\/hubert-info.com\\\/cms\\\/#\\\/schema\\\/logo\\\/image\\\/\"}}]}<\/script>\n<!-- \/ Yoast SEO plugin. -->","yoast_head_json":{"title":"Conditions g\u00e9n\u00e9rales d\u2019utilisation - Hubert Informatique","robots":{"index":"index","follow":"follow","max-snippet":"max-snippet:-1","max-image-preview":"max-image-preview:large","max-video-preview":"max-video-preview:-1"},"canonical":"https:\/\/hubert-info.com\/cms\/conditions-generales-utilisation\/","og_locale":"fr_FR","og_type":"article","og_title":"Conditions g\u00e9n\u00e9rales d\u2019utilisation - Hubert Informatique","og_description":"Merci de lire avec attention les diff\u00e9rentes modalit\u00e9s d\u2019utilisation du pr\u00e9sent site avant d\u2019y parcourir ses pages. En vous connectant sur ce site, vous acceptez sans r\u00e9serves les pr\u00e9sentes modalit\u00e9s. Veuillez prendre connaissance des pr\u00e9sentes conditions g\u00e9n\u00e9rales d\u2019utilisation du site Web et de nos prestations de services avant de faire... Continue reading &rarr;","og_url":"https:\/\/hubert-info.com\/cms\/conditions-generales-utilisation\/","og_site_name":"Hubert Informatique","article_modified_time":"2020-11-28T13:16:15+00:00","twitter_card":"summary_large_image","twitter_misc":{"Dur\u00e9e de lecture estim\u00e9e":"8 minutes"},"schema":{"@context":"https:\/\/schema.org","@graph":[{"@type":"WebPage","@id":"https:\/\/hubert-info.com\/cms\/conditions-generales-utilisation\/","url":"https:\/\/hubert-info.com\/cms\/conditions-generales-utilisation\/","name":"Conditions g\u00e9n\u00e9rales d\u2019utilisation - Hubert Informatique","isPartOf":{"@id":"https:\/\/hubert-info.com\/cms\/#website"},"datePublished":"2020-11-28T13:16:14+00:00","dateModified":"2020-11-28T13:16:15+00:00","breadcrumb":{"@id":"https:\/\/hubert-info.com\/cms\/conditions-generales-utilisation\/#breadcrumb"},"inLanguage":"fr-FR","potentialAction":[{"@type":"ReadAction","target":["https:\/\/hubert-info.com\/cms\/conditions-generales-utilisation\/"]}]},{"@type":"BreadcrumbList","@id":"https:\/\/hubert-info.com\/cms\/conditions-generales-utilisation\/#breadcrumb","itemListElement":[{"@type":"ListItem","position":1,"name":"Accueil","item":"https:\/\/hubert-info.com\/cms\/"},{"@type":"ListItem","position":2,"name":"Conditions g\u00e9n\u00e9rales d\u2019utilisation"}]},{"@type":"WebSite","@id":"https:\/\/hubert-info.com\/cms\/#website","url":"https:\/\/hubert-info.com\/cms\/","name":"Hubert Informatique","description":"L&#039;informatique sur mesure","publisher":{"@id":"https:\/\/hubert-info.com\/cms\/#organization"},"potentialAction":[{"@type":"SearchAction","target":{"@type":"EntryPoint","urlTemplate":"https:\/\/hubert-info.com\/cms\/?s={search_term_string}"},"query-input":{"@type":"PropertyValueSpecification","valueRequired":true,"valueName":"search_term_string"}}],"inLanguage":"fr-FR"},{"@type":"Organization","@id":"https:\/\/hubert-info.com\/cms\/#organization","name":"Hubert Informatique","url":"https:\/\/hubert-info.com\/cms\/","logo":{"@type":"ImageObject","inLanguage":"fr-FR","@id":"https:\/\/hubert-info.com\/cms\/#\/schema\/logo\/image\/","url":"https:\/\/hubert-info.com\/cms\/wp-content\/uploads\/2019\/02\/logotip-Copie.png","contentUrl":"https:\/\/hubert-info.com\/cms\/wp-content\/uploads\/2019\/02\/logotip-Copie.png","width":182,"height":85,"caption":"Hubert Informatique"},"image":{"@id":"https:\/\/hubert-info.com\/cms\/#\/schema\/logo\/image\/"}}]}},"_links":{"self":[{"href":"https:\/\/hubert-info.com\/cms\/wp-json\/wp\/v2\/pages\/679","targetHints":{"allow":["GET"]}}],"collection":[{"href":"https:\/\/hubert-info.com\/cms\/wp-json\/wp\/v2\/pages"}],"about":[{"href":"https:\/\/hubert-info.com\/cms\/wp-json\/wp\/v2\/types\/page"}],"author":[{"embeddable":true,"href":"https:\/\/hubert-info.com\/cms\/wp-json\/wp\/v2\/users\/1"}],"replies":[{"embeddable":true,"href":"https:\/\/hubert-info.com\/cms\/wp-json\/wp\/v2\/comments?post=679"}],"version-history":[{"count":0,"href":"https:\/\/hubert-info.com\/cms\/wp-json\/wp\/v2\/pages\/679\/revisions"}],"wp:attachment":[{"href":"https:\/\/hubert-info.com\/cms\/wp-json\/wp\/v2\/media?parent=679"}],"curies":[{"name":"wp","href":"https:\/\/api.w.org\/{rel}","templated":true}]}}